 remainder when 68415 is divided by 456?
15
What is the remainder when 101889 is divided by 105?
39
Calculate the remainder when 2706 is divided by 108.
6
What is the remainder when 4774 is divided by 1431?
481
Calculate the remainder when 396269 is divided by 714.
713
What is the remainder when 14439 is divided by 433?
150
What is the remainder when 55482 is divided by 15?
12
Calculate the remainder when 6392 is divided by 3194.
4
Calculate the remainder when 5687 is divided by 1562.
1001
Calculate the remainder when 6875 is divided by 6843.
32
Calculate the remainder when 3123450 is divided by 4.
2
Calculate the remainder when 863 is divided by 52.
31
Calculate the remainder when 202270 is divided by 301.
299
Calculate the remainder when 42971 is divided by 10739.
15
What is the remainder when 1285 is divided by 56?
53
Calculate the remainder when 209185 is divided by 354.
325
Calculate the remainder when 30442 is divided by 7606.
18
What is the remainder when 4702 is divided by 8?
6
What is the remainder when 14212 is divided by 2448?
1972
What is the remainder when 1679164 is divided by 335832?
4
Calculate the remainder when 3279 is divided by 41.
40
Calculate the remainder when 4336 is divided by 1313.
397
What is the remainder when 492 is divided by 61?
4
What is the remainder when 59453 is divided by 47?
45
What is the remainder when 18263 is divided by 65?
63
Calculate the remainder when 652 is divided by 68.
40
What is the remainder when 703694 is divided by 102?
98
What is the remainder when 51913 is divided by 377?
264
What is the remainder when 114026 is divided by 518?
66
What is the remainder when 40485 is divided by 42?
39
What is the remainder when 281 is divided by 57?
53
What is the remainder when 8938 is divided by 108?
82
Calculate the remainder when 4826 is divided by 39.
29
Calculate the remainder when 567843 is divided by 6172.
19
What is the remainder when 118170 is divided by 60?
30
What is the remainder when 202614 is divided by 979?
940
Calculate the remainder when 74204 is divided by 3902.
66
What is the remainder when 4362 is divided by 26?
20
Calculate the remainder when 150005 is divided by 50001.
2
Calculate the remainder when 60427 is divided by 12078.
37
What is the remainder when 9443 is divided by 154?
49
Calculate the remainder when 188996 is divided by 84.
80
What is the remainder when 343639 is divided by 568?
567
Calculate the remainder when 45286 is divided by 539.
10
Calculate the remainder when 334394 is divided by 37.
25
What is the remainder when 17052 is divided by 8525?
2
Calculate the remainder when 125752 is divided by 1048.
1040
What is the remainder when 11159 is divided by 2774?
63
Calculate the remainder when 203 is divided by 102.
101
Calculate the remainder when 26841 is divided by 10.
1
What is the remainder when 1681 is divided by 244?
217
Calculate the remainder when 6569 is divided by 49.
3
Calculate the remainder when 746175 is divided by 262.
261
Calculate the remainder when 1822 is divided by 1756.
66
Calculate the remainder when 148442 is divided by 17.
15
Calculate the remainder when 2603 is divided by 352.
139
Calculate the remainder when 1889071 is divided by 1204.
1199
What is the remainder when 1249 is divided by 311?
5
Calculate the remainder when 1772 is divided by 1706.
66
What is the remainder when 7343 is divided by 283?
268
What is the remainder when 17154 is divided by 19?
16
What is the remainder when 374684 is divided by 16?
12
Calculate the remainder when 2225122 is divided by 5.
2
What is the remainder when 14487 is divided by 46?
43
What is the remainder when 148820 is divided by 113?
112
Calculate the remainder when 12938 is divided by 210.
128
Calculate the remainder when 47714 is divided by 758.
718
What is the remainder when 4448735 is divided by 24?
23
What is the remainder when 30835 is divided by 7698?
43
Calculate the remainder when 72006 is divided by 23997.
15
Calculate the remainder when 3456 is divided by 3452.
4
Calculate the remainder when 2084 is divided by 2073.
11
What is the remainder when 143144 is divided by 73?
64
What is the remainder when 142853 is divided by 87?
86
Calculate the remainder when 4081 is divided by 4062.
19
Calculate the remainder when 57141 is divided by 8.
5
What is the remainder when 1864 is divided by 664?
536
What is the remainder when 146230 is divided by 53?
3
Calculate the remainder when 2705 is divided by 521.
100
What is the remainder when 96357 is divided by 292?
289
Calculate the remainder when 6802047 is divided by 1986.
1983
Calculate the remainder when 1160 is divided by 294.
278
What is the remainder when 1688 is divided by 369?
212
Calculate the remainder when 339 is divided by 27.
15
What is the remainder when 142122 is divided by 149?
125
Calculate the remainder when 63751 is divided by 2550.
1
What is the remainder when 8188 is divided by 65?
63
What is the remainder when 395337 is divided by 171?
156
What is the remainder when 225847 is divided by 75278?
13
What is the remainder when 8673 is divided by 8612?
61
What is the remainder when 5022 is divided by 863?
707
Calculate the remainder when 6914 is divided by 165.
149
Calculate the remainder when 78943 is divided by 42.
25
Calculate the remainder when 12216 is divided by 350.
316
Calculate the remainder when 71317 is divided by 157.
39
What is the remainder when 16022 is divided by 184?
14
What is the remainder when 2409 is divided by 2366?
43
Calculate the remainder when 32289 is divided by 69.
66
What is the remainder when 67774 is divided by 33884?
6
Calculate the remainder when 245092 is divided by 1424.
164
What is the remainder when 94843 is divided by 25?
18
What is the remainder when 13316 is divided by 66?
50
What is the remainder when 25986 is divided by 76?
70
Calculate the remainder when 6419 is divided by 613.
289
What is the remainder when 17656 is divided by 18?
16
What is the remainder when 14167 is divided by 1005?
97
Calculate the remainder when 637 is divided by 116.
57
Calculate the remainder when 4368 is divided by 257.
256
Calculate the remainder when 30911 is divided by 10303.
2
What is the remainder when 5315 is divided by 2647?
21
Calculate the remainder when 23723 is divided by 165.
128
What is the remainder when 24938 is divided by 74?
0
What is the remainder when 362 is divided by 91?
89
What is the remainder when 7797 is divided by 1454?
527
Calculate the remainder when 166002 is divided by 2338.
4
Calculate the remainder when 250473 is divided by 12.
9
Calculate the remainder when 3109 is divided by 33.
7
What is the remainder when 2796 is divided by 37?
21
What is the remainder when 231539 is divided by 108?
95
Calculate the remainder when 1396939 is divided by 637.
635
What is the remainder when 260998 is divided by 435?
433
Calculate the remainder when 110544 is divided by 110544.
0
Calculate the remainder when 5753 is divided by 161.
118
Calculate the remainder when 7222 is divided by 190.
2
What is the remainder when 38623 is divided by 32?
31
What is the remainder when 48316 is divided by 732?
4
Calculate the remainder when 12970 is divided by 280.
90
Calculate the remainder when 4153 is divided by 97.
79
What is the remainder when 115281 is divided by 253?
166
Calculate the remainder when 305 is divided by 79.
68
What is the remainder when 5766 is divided by 1920?
6
What is the remainder when 29929 is divided by 214?
183
What is the remainder when 35968 is divided by 632?
576
Calculate the remainder when 126489 is divided by 13.
12
What is the remainder when 9282 is divided by 1855?
7
What is the remainder when 340711 is divided by 206?
193
Calculate the remainder when 1208 is divided by 561.
86
Calculate the remainder when 23912 is divided by 701.
78
What is the remainder when 88468 is divided by 713?
56
Calculate the remainder when 11594 is divided by 352.
330
What is the remainder when 1933 is divided by 937?
59
What is the remainder when 9323 is divided by 333?
332
Calculate the remainder when 217325 is divided by 16.
13
Calculate the remainder when 1254 is divided by 10.
4
What is the remainder when 172692 is divided by 1136?
20
Calculate the remainder when 8187 is divided by 64.
59
Calculate the remainder w